618?
False
Does 23 divide 5916779?
False
Is 212360832 a multiple of 1429?
True
Is 18 a factor of 1068180403?
False
Is 13 a factor of 57667012?
True
Is 80 a factor of 280288560?
True
Does 1510 divide 104897135?
False
Does 223 divide 3011766194?
True
Does 2746 divide 41343776?
True
Is 32 a factor of 4786112?
True
Does 608 divide 12609920?
True
Does 3587 divide 94255599?
True
Is 14 a factor of 67565456?
True
Is 94 a factor of 403915915?
False
Is 39 a factor of 47931?
True
Is 136 a factor of 146743048?
True
Is 148 a factor of 36957442?
False
Is 102200808 a multiple of 2627?
True
Is 133547277 a multiple of 104?
False
Is 817 a factor of 71682763?
True
Does 260 divide 13790293?
False
Is 10 a factor of 22172120?
True
Is 134 a factor of 521180217?
False
Is 474 a factor of 9598500?
True
Is 62 a factor of 57867328?
True
Does 117 divide 66306367?
False
Does 264 divide 2928288?
True
Is 13 a factor of 234647618?
False
Is 118 a factor of 231206258?
False
Is 343 a factor of 47505555?
False
Is 2314040787 a multiple of 713?
True
Is 136258005 a multiple of 3547?
True
Does 2 divide 16220537?
False
Does 14 divide 132584677?
False
Is 326369264 a multiple of 3536?
True
Is 14 a factor of 3402015?
False
Is 6 a factor of 226949226?
True
Does 3 divide 595039573?
False
Is 484378077 a multiple of 124?
False
Is 6995 a factor of 1042823340?
False
Does 276 divide 260388888?
True
Is 1911 a factor of 128367603?
True
Does 234 divide 26904897?
False
Is 2006673 a multiple of 21?
False
Does 580 divide 20292175?
False
Is 1891931462 a multiple of 21?
False
Is 1817831169 a multiple of 104?
False
Is 11 a factor of 159987322?
True
Is 51791157 a multiple of 64?
False
Is 157 a factor of 2196887?
False
Is 2907 a factor of 150646554?
True
Is 4660202544 a multiple of 5739?
False
Is 30 a factor of 12120164?
False
Does 471 divide 225892542?
True
Is 17841722 a multiple of 19?
True
Does 17 divide 44108538?
False
Does 758 divide 2099900286?
True
Does 13 divide 114162688?
False
Does 2096 divide 130725424?
True
Is 46482242 a multiple of 8?
False
Does 2 divide 38340900?
True
Does 80 divide 679818855?
False
Is 45 a factor of 448847460?
True
Is 18682377 a multiple of 4?
False
Does 42 divide 2253857844?
True
Does 37 divide 14116384?
False
Is 127093389 a multiple of 6?
False
Is 1058470745 a multiple of 166?
False
Does 15 divide 21988145?
False
Is 67331901 a multiple of 273?
True
Is 5 a factor of 104510142?
False
Is 4416192 a multiple of 36?
True
Is 957454618 a multiple of 214?
True
Is 34 a factor of 60495523?
False
Is 110 a factor of 1770560?
True
Is 86 a factor of 23979036?
True
Is 674945926 a multiple of 1089?
False
Does 13 divide 442118035?
False
Does 105 divide 92283450?
True
Is 407446 a multiple of 13?
True
Is 51 a factor of 1950526263?
True
Is 791622266 a multiple of 4647?
False
Is 785743772 a multiple of 44?
True
Is 109 a factor of 46251922?
False
Is 1063165045 a multiple of 67?
True
Is 2531 a factor of 1804518343?
False
Does 3004 divide 814855332?
False
Is 113119040 even?
True
Is 27 a factor of 3229795701?
True
Does 75 divide 71910375?
True
Does 671 divide 2338435?
True
Does 2291 divide 75814230?
False
Is 34100982 a multiple of 6?
True
Is 11 a factor of 2341757?
True
Is 8 a factor of 592873478?
False
Is 4 a factor of 12428545?
False
Does 10 divide 24718520?
True
Is 70 a factor of 137894610?
True
Does 84 divide 19837206?
False
Is 122623100 a multiple of 215?
True
Is 179300700 a multiple of 450?
True
Is 74151789 a multiple of 1775?
False
Is 264757304 a multiple of 7?
True
Does 11 divide 2593815075?
False
Is 220 a factor of 7640380?
True
Is 585159898 a multiple of 463?
False
Is 90141336 a multiple of 521?
True
Is 911 a factor of 25517015?
False
Does 212 divide 94302264?
True
Is 288 a factor of 13130040?
False
Is 2134 a factor of 74339171?
False
Is 15 a factor of 265918092?
False
Does 428 divide 13133868?
False
Is 51819500 a multiple of 10?
True
Does 51 divide 17490356?
False
Is 4 a factor of 1347373?
False
Is 2296 a factor of 40675936?
True
Does 671 divide 364021418?
False
Is 20084526 a multiple of 66?
True
Does 96 divide 4631240?
False
Does 9 divide 661877163?
True
Is 23635260 a multiple of 20?
True
Is 330 a factor of 4464417336?
False
Is 9366183 a multiple of 171?
True
Does 17 divide 131032430?
True
Does 4 divide 1751046316?
True
Is 9230903 a multiple of 319?
True
Does 11 divide 17639000?
False
Is 1826981373 a multiple of 327?
True
Does 19 divide 109220002?
False
Is 7 a factor of 663320196?
True
Is 7564944 a multiple of 14?
False
Is 1047 a factor of 281336442?
False
Is 10123666 a multiple of 297?
False
Is 820488733 a multiple of 27?
False
Is 15018760 a multiple of 10?
True
Is 12 a factor of 51987393?
False
Is 165429624 a multiple of 996?
True
Is 1474084728 a multiple of 24?
True
Is 14086260 a multiple of 36?
True
Is 19 a factor of 33821228?
False
Is 466 a factor of 1765444262?
True
Is 64749253 a multiple of 1233?
False
Is 1580 a factor of 240967894?
False
Is 2711 a factor of 3051543057?
False
Is 44950482 a multiple of 578?
True
Is 136 a factor of 240992?
True
Does 1874 divide 440641116?
True
Is 33 a factor of 3050981463?
False
Is 436515256 a multiple of 1016?
True
Is 3078280 a multiple of 342?
False
Is 13480390 a multiple of 6314?
True
Does 615 divide 20459554?
False
Is 60 a factor of 213494340?
True
Is 137 a factor of 7252780?
True
Does 45 divide 110089983?
False
Does 23 divide 3372223269?
True
Does 228 divide 585498300?
True
Is 6 a factor of 1352004912?
True
Is 11 a factor of 4126120?
False
Is 13460249 a multiple of 5?
False
Does 4950 divide 649543950?
True
Does 38 divide 1322446?
False
Is 73637769 a multiple of 226?
False
Does 22 divide 61377512?
False
Is 6404034243 a multiple of 203?
False
Is 69510235 a multiple of 33?
False
Does 86 divide 33408411?
False
Does 28 divide 238466200?
True
Does 300 divide 1810322100?
True
Is 27023566 a multiple of 554?
True
Is 232965815 a multiple of 131?
True
Does 13 divide 432916276?
True
Is 29658770 a multiple of 8?
False
Is 13 a factor of 207601000?
False
Does 604 divide 1082192840?
True
Is 419 a factor of 169024214?
False
Does 7 divide 1722067?
False
Is 17 a factor of 396109656?
True
Does 16 divide 1455065872?
True
Is 1752 a factor of 42076032?
True
Is 4230148938 a multiple of 138?
False
Is 239870322 a multiple of 6?
True
Is 27803153 a multiple of 348?
False
Is 261847980 a multiple of 325?
False
Is 3843 a factor of 943199019?
True
Is 145905270 a multiple of 10?
True
Does 761 divide 10103036?
True
Does 606 divide 103492046?
False
Does 1313 divide 40450904?
True
Is 174 a factor of 40152762?
True
Does 42 divide 339364301?
False
Is 58020 a multiple of 2?
True
Is 110 a factor of 46439800?
True
Is 45 a factor of 4814023?
False
Does 12 divide 527304?
True
Does 2283 divide 581723391?
False
Does 22 divide 159795328?
True
Is 308 a factor of 91022008?
True
Is 8 a factor of 22068248?
True
Does 12 divide 9076716?
True
Is 75 a factor of 342713972?
False
Does 266 divide 1282909222?
True
Does 159 divide 99795873?
True
Is 343823758 a multiple of 298?
True
Is 1806553480 a multiple of 14?
False
Is 20388368 a multiple of 286?
True
Does 62 divide 13298318?
True
Is 6 a factor of 45076698?
True
Does 988 divide 97907836?
True
Is 2200932189 a multiple of 843?
False
Is 28253739 even?
False
Is 11 a factor of 11963512?
True
Does 8 divide 265696320?
True
Is 31968347 a multiple of 13?
False
Does 206 divide 232986?
True
Is 1516142430 a multiple of 990?
True
Is 14114607 a multiple of 663?
True
Is 1334 a factor of 91948975?
False
Is 831008244 a multiple of 127?
True
Is 23 a factor of 58332462?
True
Does 588 divide 1947139068?
True
Is 5333 a factor of 182916567?
True
Does 271 divide 2635198309?
True
Is 30 a factor of 13904303?
False
Does 50 divide 11697547?
False
Does 21 divide 55799360?
False
Does 106 divide 5271168?
True
Does 51 divide 38100825?
True
Is 231409661 a multiple of 1134?
False
Is 567 a factor of 53347394?
False
Is 248136909 a multiple of 643?
False
Is 1242043738 a multiple of 8?
False
Is 312794702 a multiple of 19?
False
Is 1118722056 a multiple of 13029?
True
Does 261 divide 10836461?
False
Is 820 a factor of 28390860?
True
Is 42956824 a multiple of 443?
True
Is 2641508 a multiple of 161?
False
Is 804395007 a multiple of 170?
False
Is 30 a factor of 110014800?
True
Is 13